 1847107 a composite number?
True
Is 101149 a prime number?
True
Is 203339 composite?
False
Is 238291 prime?
True
Is 6187 a prime number?
False
Is 86537 prime?
False
Is 4283 composite?
False
Is 1534183 composite?
True
Is 51839 prime?
True
Is 10705 prime?
False
Is 1928019 prime?
False
Is 4387 a prime number?
False
Is 191707 prime?
True
Is 19001 prime?
True
Is 1924517 a composite number?
True
Is 1320533 a composite number?
False
Is 92963 prime?
False
Is 761 a prime number?
True
Is 112817 a prime number?
False
Is 1182209 prime?
False
Is 3314 composite?
True
Is 2566 composite?
True
Is 30509 a prime number?
True
Is 46877 a prime number?
True
Is 12601 a composite number?
False
Is 5351 composite?
False
Is 12171 a composite number?
True
Is 2431097 a prime number?
True
Is 12197 prime?
True
Is 10403 prime?
False
Is 17249 a composite number?
True
Is 236711 a composite number?
True
Is 4796729 composite?
True
Is 201313 a prime number?
False
Is 700127 a composite number?
False
Is 524395 a composite number?
True
Is 1087 composite?
False
Is 39677 composite?
True
Is 579361 a composite number?
True
Is 421607 prime?
True
Is 87197 prime?
False
Is 52379 prime?
True
Is 1571 prime?
True
Is 583 prime?
False
Is 316493 a composite number?
False
Is 144299 composite?
False
Is 52619 a composite number?
True
Is 473963 a composite number?
True
Is 118267 a composite number?
True
Is 29521 composite?
True
Is 16657 a composite number?
False
Is 24391 composite?
False
Is 34913 prime?
True
Is 132785 a prime number?
False
Is 3803 prime?
True
Is 47041 prime?
True
Is 3023497 prime?
True
Is 449059 a prime number?
False
Is 238705 a prime number?
False
Is 885827 a prime number?
False
Is 1556959 a prime number?
False
Is 42233 composite?
True
Is 241493 a prime number?
False
Is 257399 composite?
False
Is 2724761 prime?
False
Is 316633 a composite number?
False
Is 12829 prime?
True
Is 21163 a prime number?
True
Is 3403 a prime number?
False
Is 138813 composite?
True
Is 144751 prime?
True
Is 17011 a prime number?
True
Is 641 a composite number?
False
Is 67985 a composite number?
True
Is 3389 a composite number?
False
Is 82757 a prime number?
True
Is 812507 composite?
True
Is 9199 prime?
True
Is 6609 a composite number?
True
Is 228229 composite?
True
Is 66037 a prime number?
True
Is 233 prime?
True
Is 21133 composite?
True
Is 3037 prime?
True
Is 4321 composite?
True
Is 222269 prime?
True
Is 43423 composite?
True
Is 419 a prime number?
True
Is 32273 a prime number?
False
Is 5293 prime?
False
Is 620337 composite?
True
Is 9143 a prime number?
False
Is 40063 prime?
True
Is 8665 a composite number?
True
Is 5399 a composite number?
False
Is 32467 a composite number?
False
Is 175139 a composite number?
True
Is 57103 a composite number?
True
Is 108413 composite?
False
Is 12941 a prime number?
True
Is 7510543 a composite number?
False
Is 614 a prime number?
False
Is 5399 composite?
False
Is 12571 a composite number?
True
Is 24749 composite?
False
Is 32353 prime?
True
Is 137903 prime?
False
Is 791 a prime number?
False
Is 343979 a prime number?
False
Is 62803 a composite number?
True
Is 586169 composite?
True
Is 465061 prime?
True
Is 79377 prime?
False
Is 125591 a composite number?
False
Is 35 a prime number?
False
Is 638473 a prime number?
False
Is 3183 prime?
False
Is 48301 composite?
True
Is 252911 composite?
False
Is 930791 a composite number?
True
Is 4563979 composite?
True
Is 695 composite?
True
Is 6997 a prime number?
True
Is 73673 composite?
False
Is 5039 composite?
False
Is 2087123 composite?
False
Is 983249 composite?
True
Is 71699 a prime number?
True
Is 58 a prime number?
False
Is 1339451 composite?
True
Is 112511 a composite number?
True
Is 6377 a prime number?
False
Is 3719 a prime number?
True
Is 140759 a prime number?
True
Is 753 a prime number?
False
Is 1045073 a composite number?
True
Is 421783 a composite number?
False
Is 105503 composite?
False
Is 799473 prime?
False
Is 17467 prime?
True
Is 1473 a composite number?
True
Is 11379 a prime number?
False
Is 30151 a prime number?
False
Is 2437 a prime number?
True
Is 8881 composite?
True
Is 66961 a composite number?
True
Is 61927 composite?
False
Is 124841 composite?
True
Is 5039 a prime number?
True
Is 633 a composite number?
True
Is 21797 a composite number?
True
Is 105337 a prime number?
True
Is 33017 a composite number?
True
Is 984859 a composite number?
False
Is 1057 a prime number?
False
Is 288491 a composite number?
True
Is 34693 prime?
True
Is 7769 prime?
False
Is 397883 composite?
True
Is 135209 a composite number?
False
Is 31021 a prime number?
False
Is 23093 prime?
False
Is 2761 prime?
False
Is 10651 composite?
False
Is 22307 a composite number?
False
Is 14081 composite?
False
Is 198851 prime?
True
Is 40343 prime?
True
Is 111697 prime?
True
Is 1446157 a composite number?
True
Is 690769 a composite number?
True
Is 618617 prime?
False
Is 839 composite?
False
Is 208613 composite?
True
Is 822385 prime?
False
Is 4691 composite?
False
Is 1265311 composite?
False
Is 6259 prime?
False
Is 82699 composite?
False
Is 193993 composite?
False
Is 693989 a composite number?
False
Is 19349 a composite number?
True
Is 937 composite?
False
Is 3223 composite?
True
Is 761377 a composite number?
False
Is 22897 composite?
True
Is 511279 a prime number?
True
Is 4909 a composite number?
False
Is 34507 a composite number?
True
Is 7541 a composite number?
False
Is 362 prime?
False
Is 2447 a prime number?
True
Is 19661 a composite number?
False
Is 43611 composite?
True
Is 232151 composite?
True
Is 32259 a composite number?
True
Is 17863 a composite number?
False
Is 130733 a prime number?
False
Is 1035433 composite?
True
Is 209239 a composite number?
True
Is 3319 prime?
True
Is 22909 a prime number?
False
Is 519769 a prime number?
True
Is 5347 prime?
True
Is 313581 composite?
True
Is 74719 composite?
False
Is 14359 a prime number?
False
Is 25661 composite?
True
Is 5923 prime?
True
Is 42589 composite?
False
Is 490979 a composite number?
True
Is 9617 a prime number?
False
Is 13567 prime?
True
Is 236749 composite?
False
Is 4406 a composite number?
True
Is 951221 prime?
True
Is 221807 a prime number?
True
Is 97793 a composite number?
True
Is 357387 a prime number?
False
Is 50983 a composite number?
True
Is 9029 a composite number?
False
Is 352879 composite?
True
Is 2831947 a composite number?
False
Is 147439 prime?
False
Is 25013 a composite number?
False
Is 26083 a prime number?
True
Is 54133 a composite number?
False
Is 57059 a prime number?
True
Is 822221 composite?
False
Is 2195 composite?
True
Is 42149 prime?
False
Is 101407 a prime number?
False
Is 130623 a composite number?
True
Is 6598 a composite number?
True
Is 49867 composite?
True
Is 25163 a prime number?
True
Is 1969 a composite number?
True
Is 1652119 a composite number?
True
Is 13291 a prime number?
True
Is 13021 a prime number?
False
Is 383519 a composite number?
False
Is 112619 a composite number?
True
Is 336433 composite?
True
Is 39089 composite?
False
Is 51771 composite?
True
Is 39307 a composite number?
True
Is 22823 prime?
False
Is 170293 a composite number?
False
Is 82154 composite?
True
Is 852689 a composite number?
False
Is 24749 prime?
True
Is 130283 a composite number?
True
Is 5758 composite?
True
Is 238685 prime?
False
Is 210709 a composite number?
False
Is 853 a prime number?
True
Is 74023 a prime number?
False
Is 60793 a composite number?
False
Is 7159 a prime number?
True
Is 1477 prime?
False
Is 24733 prime?
True
Is 966157 composite?
False
Is 1313 prime?
False
Is 312131 a composite number?
True
Is 4377569 a prime number?
False
Is 149 a prime number?
True
Is 1039139 composite?
False
Is 29327 a prime number?
True
Is 63241 a prime number?
True
Is 2203049 prime?
True
Is 7897 a prime number?
False
Is 262839 a composite number?
True
Is 931163 prime?
True
Is 30403 a composite number?
False
Is 14351 a composite number?
True
Is 101617 a prime number?
False
Is 2407531 composite?
True
Is 2357 a prime number?
True
Is 1000829 a prime number?
True
Is 2321 a prime number?
False
Is 8081 composite?
False
Is 97979 composite?
True
Is 1156513 a prime number?
False
Is 17411 a composite number?
True
Is 374701 a prime number?
True
Is 76435 a composite number?
True
Is 72955 a prime number?
False
Is